at is the remainder when 4240 is divided by 2118?
4
What is the remainder when 1461 is divided by 125?
86
Calculate the remainder when 2566 is divided by 51.
16
What is the remainder when 2470 is divided by 155?
145
Calculate the remainder when 928135 is divided by 22.
21
Calculate the remainder when 3353 is divided by 462.
119
Calculate the remainder when 17694 is divided by 19.
5
Calculate the remainder when 3569 is divided by 621.
464
Calculate the remainder when 314999 is divided by 125.
124
Calculate the remainder when 3484 is divided by 311.
63
What is the remainder when 17795 is divided by 2926?
239
What is the remainder when 194050 is divided by 167?
163
Calculate the remainder when 29074 is divided by 7260.
34
Calculate the remainder when 3303 is divided by 815.
43
What is the remainder when 25227 is divided by 3087?
531
Calculate the remainder when 11403 is divided by 2276.
23
What is the remainder when 498 is divided by 269?
229
What is the remainder when 35853 is divided by 48?
45
Calculate the remainder when 48819 is divided by 313.
304
What is the remainder when 1786 is divided by 826?
134
Calculate the remainder when 26048 is divided by 78.
74
Calculate the remainder when 15131 is divided by 834.
119
What is the remainder when 74860 is divided by 353?
24
Calculate the remainder when 10202 is divided by 3379.
65
Calculate the remainder when 51166 is divided by 16.
14
What is the remainder when 57591 is divided by 60?
51
Calculate the remainder when 1695958 is divided by 105.
103
Calculate the remainder when 467328 is divided by 77887.
6
What is the remainder when 3073 is divided by 80?
33
What is the remainder when 12269 is divided by 100?
69
What is the remainder when 73843 is divided by 24?
19
What is the remainder when 3481 is divided by 267?
10
What is the remainder when 2401 is divided by 2261?
140
Calculate the remainder when 29649 is divided by 25.
24
Calculate the remainder when 1001 is divided by 499.
3
Calculate the remainder when 94162 is divided by 897.
874
Calculate the remainder when 1158426 is divided by 1097.
1091
Calculate the remainder when 5933 is divided by 1477.
25
What is the remainder when 9682 is divided by 103?
0
Calculate the remainder when 344613 is divided by 5.
3
What is the remainder when 9154 is divided by 445?
254
What is the remainder when 130413 is divided by 48?
45
Calculate the remainder when 3570108 is divided by 208.
204
Calculate the remainder when 2719 is divided by 674.
23
Calculate the remainder when 2712 is divided by 2660.
52
Calculate the remainder when 647905 is divided by 10.
5
What is the remainder when 22639 is divided by 470?
79
What is the remainder when 12958 is divided by 12244?
714
What is the remainder when 10969 is divided by 9771?
1198
Calculate the remainder when 14338 is divided by 142.
138
What is the remainder when 28873 is divided by 1519?
12
Calculate the remainder when 33109 is divided by 704.
21
Calculate the remainder when 163767 is divided by 15.
12
Calculate the remainder when 7716 is divided by 4.
0
What is the remainder when 94357 is divided by 4?
1
Calculate the remainder when 17151 is divided by 44.
35
What is the remainder when 58273 is divided by 75?
73
What is the remainder when 1735 is divided by 815?
105
Calculate the remainder when 9098 is divided by 302.
38
Calculate the remainder when 235411 is divided by 229.
228
What is the remainder when 5424 is divided by 182?
146
What is the remainder when 7425 is divided by 1690?
665
Calculate the remainder when 8854 is divided by 36.
34
Calculate the remainder when 35723 is divided by 119.
23
What is the remainder when 7808 is divided by 325?
8
Calculate the remainder when 5185 is divided by 562.
127
What is the remainder when 50722 is divided by 6335?
42
Calculate the remainder when 1353 is divided by 40.
33
Calculate the remainder when 1191 is divided by 296.
7
Calculate the remainder when 613147 is divided by 9290.
7
Calculate the remainder when 10728 is divided by 1277.
512
What is the remainder when 7646 is divided by 132?
122
What is the remainder when 882 is divided by 206?
58
Calculate the remainder when 921709 is divided by 67.
57
Calculate the remainder when 1185 is divided by 11.
8
Calculate the remainder when 4216 is divided by 302.
290
What is the remainder when 309811 is divided by 19?
16
Calculate the remainder when 74532 is divided by 242.
238
Calculate the remainder when 3189 is divided by 337.
156
What is the remainder when 3228 is divided by 13?
4
Calculate the remainder when 15849 is divided by 5217.
198
What is the remainder when 41953 is divided by 197?
189
What is the remainder when 20159 is divided by 43?
35
Calculate the remainder when 369272 is divided by 8206.
2
What is the remainder when 24125 is divided by 251?
29
Calculate the remainder when 7242 is divided by 158.
132
Calculate the remainder when 9459 is divided by 302.
97
Calculate the remainder when 1218 is divided by 404.
6
What is the remainder when 1863 is divided by 158?
125
What is the remainder when 354366 is divided by 19?
16
What is the remainder when 12106 is divided by 1344?
10
Calculate the remainder when 21300 is divided by 175.
125
What is the remainder when 6418 is divided by 309?
238
What is the remainder when 1739 is divided by 1668?
71
Calculate the remainder when 18101 is divided by 248.
245
Calculate the remainder when 112809 is divided by 51.
48
What is the remainder when 137984 is divided by 1865?
1839
What is the remainder when 12230 is divided by 2441?
25
What is the remainder when 3827 is divided by 1913?
1
What is the remainder when 2768787 is divided by 10?
7
What is the remainder when 2050 is divided by 107?
17
Calculate the remainder when 1578 is divided by 489.
111
Calculate the remainder when 6316 is divided by 523.
40
What is the remainder when 439751 is divided by 24?
23
What is the remainder when 56651 is divided by 42?
35
What is the remainder when 12804 is divided by 107?
71
Calculate the remainder when 10028 is divided by 147.
32
Calculate the remainder when 3101 is divided by 22.
21
What is the remainder when 11872196 is divided by 79?
76
What is the remainder when 7733 is divided by 693?
110
What is the remainder when 2387 is divided by 142?
115
Calculate the remainder when 84540 is divided by 819.
183
What is the remainder when 508 is divided by 95?
33
Calculate the remainder when 46185 is divided by 119.
13
What is the remainder when 2375382 is divided by 88?
86
Calculate the remainder when 57481 is divided by 143.
138
What is the remainder when 187447 is divided by 230?
227
Calculate the remainder when 50818 is divided by 105.
103
Calculate the remainder when 78940 is divided by 39452.
36
Calculate the remainder when 35476 is divided by 15.
1
What is the remainder when 17313 is divided by 111?
108
Calculate the remainder when 45308 is divided by 185.
168
What is the remainder when 11307 is divided by 435?
432
Calculate the remainder when 18376 is divided by 2622.
22
Calculate the remainder when 10731 is divided by 275.
6
What is the remainder when 40806 is divided by 28?
10
Calculate the remainder when 3398 is divided by 219.
113
What is the remainder when 20680 is divided by 98?
2
What is the remainder when 1331 is divided by 456?
419
Calculate the remainder when 2082 is divided by 270.
192
What is the remainder when 13481 is divided by 416?
169
What is the remainder when 15891 is divided by 369?
24
Calculate the remainder when 10557 is divided by 5080.
397
What is the remainder when 1247129 is divided by 54?
53
Calculate the remainder when 6613 is divided by 245.
243
What is the remainder when 29589 is divided by 9?
6
Calculate the remainder when 3405 is divided by 849.
9
Calculate the remainder when 2958 is divided by 226.
20
What is the remainder when 2348 is divided by 2060?
288
What is the remainder when 11821 is divided by 32?
13
Calculate the remainder when 1657 is divided by 222.
103
Calculate the remainder when 380 is divided by 227.
153
What is the remainder when 10019 is divided by 1106?
65
What is the remainder when 6223 is divided by 201?
193
What is the remainder when 8026 is divided by 7993?
33
Calculate the remainder when 276669 is divided by 92222.
3
Calculate the r